**2 - 2*q + 3. Let m be p(3). Let o = -21 + m. Suppose -o = -2*s - 19. Give k(s).
-10
Suppose 3*b = -2*c + 376 + 446, b = 4*c - 1644. Let t = c + -405. Let a(y) be the second derivative of y**5/20 - y**4/2 - y**3/3 + 5*y**2/2 - y. Give a(t).
-7
Let j(d) be the second derivative of d**3/6 - d**2/2 - 2*d - 112. Let b be ((-3)/2)/(1/2). Let r(a) = a - 2. Let s(l) = b*r(l) + 5*j(l). Determine s(1).
3
Let r(a) = 0*a + 0*a - 2 + 2*a. Let s = 688 - 692. Let x(l) = 18*l + 76. Let d be x(s). Calculate r(d).
6
Let b = -8 + 2. Let m(w) = -6*w - 2. Let c(k) = -k. Let g(l) = -16*c(l) + 3*m(l). Give g(b).
6
Let w(l) be the first derivative of -l**4/4 + 5*l**3/3 + 4*l**2 - 6*l + 70. Suppose 7*a = 9*a - 12. Calculate w(a).
6
Let o(q) = 355*q - 1416. Let t be o(4). Let f(w) = -w**2 + 13*w - 4. Determine f(t).
32
Let i(x) = 2*x**2 + 18*x**3 - 8*x**2 - 8*x**3 - 11*x**3 - 3*x. Let b(n) = 6*n**2 - 1. Let r be b(-1). Suppose 3*g + f = -7, 2*g - 7*g - 15 = r*f. Give i(g).
-10
Suppose 2*y + 48 = -2*z, -37*y + 42*y = -4*z - 103. Let a(g) = 2*g - 20. Determine a(z).
-54
Suppose 3229*f - 3226*f + 1 = 4*m, 2*f - 10 = 0. Let i(d) = -d**3 - 2*d**2 + 4*d + 1. What is i(m)?
-79
Let p(h) = h**2 - 12*h + 7. Let q(x) be the third derivative of 5*x**4/12 - 5*x**3 + 3*x**2 - 19. Let u be q(4). Calculate p(u).
-13
Let v(w) = w**3 - 9*w**2 + 11*w - 5. Suppose 261*z - 236*z = 175. Give v(z).
-26
Let x(t) = 9*t**2 + 23*t + 6. Let o(l) = -16*l**2 - 41*l - 10. Let p(m) = 4*o(m) + 7*x(m). Calculate p(-4).
-2
Let n(m) = -3*m - 4 + 22*m - 22*m + 4*m. Suppose 3*y - 9 = k, 12 = 5*y - y - k. Suppose 0 = -y*g - 2*g. Calculate n(g).
-4
Let u(i) = -4 + 4 - 1 - 3 - i. Let h(k) = k**2 + 42*k - 98. Let s be h(-44). Give u(s).
6
Let y be -2*5/(-2) + -17 + 18. Let v(t) = -15*t + 13*t + 2 - 4*t**2 + 6*t + y*t**2. Determine v(-3).
8
Let s(m) = 3*m**3 - 3*m**2 - m + 2. Let f(k) = -21*k**3 + 16*k**2 + k - 19. Let p(r) = -f(r) - 6*s(r). What is p(-2)?
-19
Suppose d + 2*x = x + 9, -2*x = -5*d + 38. Let n(l) = -5 + 2*l + 9*l**3 + 6 + 5*l**3 + 4*l**3 - d*l**3. What is n(-1)?
-11
Let i(m) = m**3 - 4*m**2 + 3. Let h be i(4). Let a = -4852 - -7160. Let x(y) = -1 + 3 + 2305*y - a*y + 1. What is x(h)?
-6
Let n(b) = 6*b**2 - 2*b + 7 + 2*b**3 - 3*b - 3*b**3. Let y = 78 - 103. Let r(p) = -p**2 - 24*p + 30. Let o be r(y). Calculate n(o).
7
Let b(d) = -21*d**2 + 10*d + 2. Let m(q) = 41*q**2 - 20*q - 3. Let t(x) = 5*b(x) + 3*m(x). Let p be t(1). Let a(w) = -w**2 + 10*w - 13. Give a(p).
-4
Let x(i) = -2*i - 47. Let j be (-162)/7 + 1158/(-1351). What is x(j)?
1
Let a(l) = 0 - 3*l**2 + 1 + 6*l**2 + 5*l - 3*l. Let q be 6*(147/90 + 24/(-30)). Suppose 0 = 5*o + q + 5. Calculate a(o).
9
Suppose -h + 2*h - 3 = 0. Let x(p) = 84 - p - 76 + 45*p - 47*p. Determine x(h).
-1
Let a(m) = m**2 + m - 1. Let j(c) = c**3 + 12*c**2 + 10*c - 11. Let r(q) = -3*a(q) + j(q). Let z be r(-8). Let d(t) = -t**3 - t**2 + t - 11. Determine d(z).
-11
Let m = -360 - -371. Let z(u) = 4*u - 47. Let j be z(m). Let b(y) = 2*y**3 + 3*y**2 - 5*y - 4. Calculate b(j).
-16
Let i(s) = -16*s**2 + 46*s**3 - 45*s**3 - 533 + s + 546. Give i(16).
29
Let s(n) be the first derivative of -21*n**4/4 + 2*n**3/3 + n**2 + n - 1629. Calculate s(-1).
22
Let m(p) = 5*p + 7. Let t = 1663 - 1668. Give m(t).
-18
Let w be (44/(-10))/(20/(-50)). Suppose -10*h + 3 = -w*h. Let u(f) = -f**3 - 2*f**2 + 3*f + 2. Give u(h).
2
Suppose -163*c + 77*c + 80*c - 54 = 0. Let p(j) be the first derivative of -3*j**2/2 - 13*j + 9. What is p(c)?
14
Let m(a) = -2*a + 42. Let u = 12071 - 12081. Calculate m(u).
62
Let v(m) = 506*m - 83. Let g(r) = -3625*r + 582. Let h(k) = 6*g(k) + 43*v(k). Determine h(10).
3
Suppose 0 = 17*a - 15*a - 9*a + 154. Let q(l) = -l**2 + 24*l - 42. What is q(a)?
2
Let k(p) = -p - 6*p + p**3 + 3*p + 0*p + 5*p + 3 + 3*p**2. What is k(-4)?
-17
Let i = 751 + -744. Let l(d) be the first derivative of d**3/3 - 6*d**2 - 5*d - 30. Give l(i).
-40
Suppose 0 = 5*t + 5*z - 15, -t + 5*z + 8 = 5. Suppose 0*s + 2*s + 40 = 5*w, 5*s + 16 = 2*w. Let o(x) = -t + 5 + 4 - x - w. What is o(-2)?
0
Suppose 4*q = 2*q + 5*j - 29, 0 = 2*j - 6. Let u(d) = 7*d**2 + 9*d + 18. Let m(s) = 8*s**2 + 10*s + 20. Let r(a) = q*u(a) + 6*m(a). Calculate r(-8).
-46
Let h(s) be the second derivative of 0*s**2 + 1/120*s**5 + 0 - 1/360*s**6 + 0*s**3 + 13/12*s**4 + s. Let l(z) be the third derivative of h(z). What is l(3)?
-5
Let j(q) be the first derivative of q**2/2 + 5*q - 26849. Let c be 2*-1 - (-5 + 3). Calculate j(c).
5
Let f(s) = -s**2 + 23*s - 48. Let d = 20693 - 20680. What is f(d)?
82
Let y be ((-4)/(-5))/(((-8)/10)/(-2)). Let k be y - (-9)/3 - 4/1. Let v(t) = -2*t**2 + t**2 + 2*t**2 + 19*t**3 + 0*t + 1 - t. What is v(k)?
20
Let x(q) be the first derivative of 19*q**4 - q + 809. What is x(-1)?
-77
Suppose -k + 4*m = -132, 0 = 2*k + 4*m - 29 - 199. Let u(j) = -5 + j**3 - k*j**2 + 2 - 4*j + 124*j**2. Determine u(-5).
-8
Let r(x) = 6*x**3 + 3*x**2 - 6*x + 14. Let f = 295 - 301. Let l(z) = -7*z**3 - 2*z**2 + 7*z - 16. Let s(n) = f*r(n) - 5*l(n). Determine s(-8).
-12
Let l = 60 + -55. Suppose 7 + 3 = l*s. Let j(g) = 2 - 3*g + 4 - s. What is j(6)?
-14
Let v(j) = 3*j + 14. Let y(m) = -3*m - 39. Let u(n) = -4*v(n) - 3*y(n). Determine u(23).
-8
Suppose 4*l - 17 = 5*l. Let h(u) be the second derivative of u**5/20 + 4*u**4/3 - 17*u**3/6 - 3*u**2 + 692*u - 1. Calculate h(l).
-6
Let s(n) = n**2 - 3*n - 7. Suppose -4*g = 11*g + 15*g - 360. Let q(x) = -25*x + 4*x**2 + 14 - 2*x**2 + 4. Let y be q(g). Give s(y).
11
Let a be (4/(-6))/(20/(-210)). Suppose -7*m + 5*m = a*m. Let p(r) = -r**3 - r**2 + r + 4. Give p(m).
4
Let w = 11 - 8. Suppose 0 = 2*v, y + v + 108 = w*y. Suppose 0 = -5*m - y + 24. Let i(h) = h - 3. Determine i(m).
-9
Let d(r) = r**2 - r - 4. Suppose 0 = 289*z - 294*z - 25. Let k(t) = -6*t**2 - 7*t + 32. Let w(v) = z*d(v) - k(v). What is w(-11)?
-23
Suppose 5*n - 4*n - 3 = 0. Suppose 0 = m - 2*a + 1 + 9, 0 = n*m + a - 5. Let p(h) = -h**2 + 4*h + h - 9*h + m*h. Calculate p(-3).
3
Let y(k) = -k - 355 - 360 + 1421 - 353 - 357. Determine y(-9).
5
Let n(g) = -2*g**2 + 5 - 3*g**2 - 10*g + 4*g**2. Suppose -r + 22 = -4*a, -72 = 1918*r - 1914*r + 4*a. Give n(r).
5
Let u(n) = -93165*n - 6 + 186252*n - 93140*n. Give u(-2).
100
Let i(v) = v - 12. Suppose j = -g + 22, -3*g - 34 = -6*g + 5*j. Let a be i(g). Suppose -a*t + 2*t = -24. Let s(b) = -b**2 + 5*b - 7. Determine s(t).
-13
Let p be (7/2 - 0)*2. Suppose -2*g - 11 + 17 = 0. Let c(f) = -g + 0 + 3*f**2 + 8 - 2*f**2 - 7*f. Calculate c(p).
5
Let u(s) be the second derivative of -s**3/3 + 19*s**2 + 2312*s. Calculate u(22).
-6
Suppose -2*a = -t - 6 - 6, 5*a = 20. Let u(n) = n**3 + 5*n**2 + 3*n + 3. Let s be u(t). Let k(i) = 0*i - 5 + 0 + s*i - i**2. What is k(7)?
-5
Let i(l) be the second derivative of l**3/2 + 49*l**2/2 - 1234*l. Calculate i(-10).
19
Let t(p) = -5*p - 20. Let n be ((-19)/5 + -1)/(280/50 - 6). Calculate t(n).
-80
Let f = 1983 + -1987. Let o(a) = 0*a**2 + a**2 - a**3 - 5*a**2 + 4*a - 1 - 1. What is o(f)?
-18
Let z(f) = 187*f + 198*f + 1 - 384*f - 2*f**2. Let s(o) = 4*o**2 + 4*o + 7. Let l(r) = -s(r) + 6*z(r). Give l(1).
-15
Suppose -26*z - 41 = 38*z - 23*z. Let u(b) = 8*b**2 + 4 - 5 - 1 + 1. What is u(z)?
7
Let m(i) = -i - 5. Suppose 0 = -11*n - 14*n + 175. Suppose 0 = 30*z - n*z + 138. What is m(z)?
1
Let v = 199 - 193. Let f(i) = -4*i - 9. Let c(r) = -7*r - 18. Let m(y) = v*c(y) - 11*f(y). Determine m(10).
11
Let p be 2/(-12) - 73/(-6). Suppose y - 19 = -p. Let j(r) = -r + 10. What is j(y)?
3
Let j = 4 + -3. Let h(q) = 3*q + 20. Let g be h(-6). Let o(l) = -1 + 435*l**2 - 219*l**g - 214*l**2. Determine o(j).
1
Let h(l) = -l**2 + 15*l - 8. Let d = -558 + 274. Let j = -270 - d. Give h(j).
6
Let p be 54/12*40/15. Let w be 140/(-15)*p/(-14). Let g(k) = k + 8. Determine g(w).
16
Let l(c) = c**3 + 6*c**2 + c + 1. Let k = -62 - -67. Suppose -k*r - 25 = 0, 20 = 7*j - 8*j - 3*r. Give l(j).
21
Let l be 19*(-1 + (6 - 0) - -5). Let s = l + -195. Let n(j) = j + 9. Determine n(s).
4
Let j(a) = 9*a**2 - 8*a - 18. Let l(y) = 17*y**2 - 16*y - 30. Let s(i) = -7*j(i) + 4*l(i). Give s(3).
27
Let y = 121 - 37. Suppose -2*m - y + 102 = 0. Let u(f) be the first derivative of -f**4/4 + 3*f**3 - f**2 + 7*f - 6. Determine u(m).
-11
Let m(u) = 2*u - 1. Let s(h) be the first derivat